/120 - 7*p**4/24 + 2*p**3/3 - 5*p. Let k(z) be the second derivative of t(z). What is k(-6)?
-1
Let u(y) = 7*y**2 - 16*y + 319 - y**3 - 314 + 14*y. Calculate u(7).
-9
Let f(p) = -p. Let a be f(-3). Let v = a + 1. Let j(l) = l**2 - 2*l - 3. Calculate j(v).
5
Let h(j) = 6*j. Let m = 485 - 484. Determine h(m).
6
Let f(m) = m**3 + 3*m**2 - 3*m - 5. Let w(k) = -3*k**3 - 9*k**2 + 8*k + 14. Let g(d) = -17*f(d) - 6*w(d). Calculate g(-2).
-1
Let l(b) = -6*b**3 + b**2 + b + 1. Let t be (4 + 1)*(0 - -1). Suppose -u - 4 = 3*u + 5*h, 5*h - 5 = t*u. What is l(u)?
7
Let r(y) = y**3 - 6*y - 4. Let g be r(3). Let a(w) = -3*w + 1. Let o(p) = 13*p - 4. Let n(v) = -9*a(v) - 2*o(v). Determine n(g).
4
Let d be (-15)/(-6)*48/20. Let a(z) = z**2 - 9*z + 9. Determine a(d).
-9
Let b(k) be the first derivative of 3*k + 14 - 1/2*k**2. What is b(5)?
-2
Let u(p) be the first derivative of -3*p**4 - p**3/3 - p**2/2 + 50. Let d(o) = -o - 3. Let k be d(-2). Determine u(k).
12
Let a(m) = -8*m**3 + 16*m**2 + 26*m + 7. Let t(z) = -3*z**3 + 8*z**2 + 12*z + 3. Let w(s) = -2*a(s) + 5*t(s). Determine w(-7).
-6
Let y(t) be the second derivative of -t**5/10 + t**4/2 - 2*t**3/3 + 2*t**2 + 540*t. Calculate y(3).
-8
Let y(k) = 6*k + 17. Let n be ((-4)/5)/(-4 - (-63)/15). Give y(n).
-7
Suppose 2*u = -2*o, -o + 11 = -u + 1. Suppose 9 = o*i - 11. Let g(b) = -b**2 + 4*b + 4. Determine g(i).
4
Suppose 14*r - 357 = 11*r. Let g = r + -116. Let u(q) = -q**3 + q**2 + q - 3. Give u(g).
-18
Let f(q) = -3*q**2 + 243 + 2*q**2 - 8*q + q - 250. Calculate f(-3).
5
Let y(m) = -995 - 989 - 29*m + 2978 - 991. Give y(1).
-26
Let v = -106 - -98. Let a = -6 - v. Let z(s) = 8*s - 1. Determine z(a).
15
Let i(w) = 11*w**2 - 1. Suppose -10 = -11*r + 12. Let g be (r/((-2)/(-1)))/((-2)/2). What is i(g)?
10
Let a(d) = -19*d + 4. Let s(c) = -6*c + 1. Let z(n) = 2*a(n) - 7*s(n). Let m = 606 - 607. What is z(m)?
-3
Let x(q) = q + 9. Let d be x(-6). Let u(i) = -6*i + 4*i + d*i. What is u(3)?
3
Suppose 3*a - 3*y - 12 = 2*a, -a + 20 = 5*y. Suppose 0 = a*b - 11*b - 8. Let n(f) = -6*f - 5 + f**b + 0*f**2 - 2*f**2. Determine n(-6).
-5
Let x(i) = -2*i - 8. Suppose -4*l - 32 + 10 = u, 5*u = 4*l + 10. Give x(l).
2
Let y(f) = 19*f - 5 - 23*f - f**2 + 14*f. Let t be y(10). Let c(w) = -2*w - 1. Give c(t).
9
Let n(q) = 6*q**3 - q**2 - q. Let j = -209 - -208. Calculate n(j).
-6
Let w(i) = i**2 + 2*i + 1. Let b(k) = k**3 - k**2 + k. Let a(o) = -b(o) + w(o). Let s be a(3). Let j(v) = v. Give j(s).
-5
Let g(v) = 14*v**3 - v. Let m(n) = -3*n + 9 + 3*n - n + 4. Let f be m(10). Let s be f/(2*(-3)/(-2)). Calculate g(s).
13
Suppose -3*h + 2*r = -20 - 17, 0 = 2*r + 10. Let p(n) = -n**2 + 9*n - 1. Determine p(h).
-1
Suppose 5*n + 20*f - 25 = 15*f, 0 = 2*n + 5*f - 16. Let q(r) be the second derivative of r**3/6 - 7*r**2/2 - 2*r. What is q(n)?
-4
Let p(j) = j**2 + 5*j + 1. Let z = 2469 + -2464. Give p(z).
51
Let f(p) = 2*p + 14. Let c be f(-8). Let z be (-20)/c - (2 + -2). Suppose -x - z = x. Let b(a) = -a - 5. What is b(x)?
0
Let d be (46/69)/((-4)/42). Let z(r) = -6*r - 31. Give z(d).
11
Let q = 836 + -837. Let v(y) = 11*y + 2. Calculate v(q).
-9
Suppose -5*n + 2*n + 35 = -2*l, -2*n - 4*l + 34 = 0. Suppose -3*c - 3*a + n = -c, -3*a + 12 = 3*c. Let y(v) = -18*v**3. Calculate y(c).
18
Let u(n) be the first derivative of -n**3/3 + n**2 + n + 178. Determine u(-1).
-2
Let y = 0 + 2. Let n(h) be the third derivative of -h**5/60 + h**4/12 - h**3/2 + 3*h**2 + 71. Give n(y).
-3
Let d(j) = j**3 + 2*j - 1. Let x(k) = -4*k. Let b(m) = d(m) + x(m). Calculate b(-1).
0
Let l = -10 + 10. Suppose -g - g + 24 = l. Let d(f) = 2*f - 7 + 5*f + 3*f - g*f. Give d(-7).
7
Let u(q) be the first derivative of q**2/2 - 7*q - 144. Suppose 3*k + 3 - 15 = 0. Give u(k).
-3
Let g(p) = -p**2 + 4*p + 8. Let z = 39 + -43. Let d(m) = m**3 + 2*m**2 - 8*m + 6. Let c be d(z). Determine g(c).
-4
Let f(q) be the third derivative of q**4/12 + 11*q**3/3 - 6*q**2 + 13. Calculate f(-14).
-6
Suppose 11*y = 24*y - 91. Let x(q) = q**2 - 7*q - 1. What is x(y)?
-1
Let s(o) = o**3 + 7*o**2 - 20*o - 11. Let l = -292 - -283. Give s(l).
7
Let h(p) = -p**2 - 11 + 47 - 18 + 8*p - 7 + 5*p. Give h(14).
-3
Suppose 5*h - 2*w + 3 = 0, -4*h + 5*w - 15 = h. Suppose -u - 2*l = -4, -u - h = -3*l - 0. Let q(p) be the first derivative of -p**3/3 + p**2 - p + 2. Give q(u).
-1
Let a(l) = l**3 - 15*l**2 - 15*l + 9. Let p(x) = 6*x**3 - 76*x**2 - 77*x + 45. Let r(h) = -11*a(h) + 2*p(h). Give r(-12).
3
Let z = 91 + -105. Let g(q) = q**2 + 14*q - 5. Give g(z).
-5
Let s(g) = -17*g + 56. Let b be s(3). Let x(f) be the first derivative of 2*f + 1/2*f**2 - 1/2*f**4 + 1/3*f**3 - b. Give x(2).
-8
Suppose 0 - 2 = k, 0 = 2*u + 4*k - 10. Let v(f) = 2*f**2 - 14*f - 23. Let a(d) = d**2 - 7*d - 11. Let n(r) = -5*a(r) + 2*v(r). What is n(u)?
-9
Let f(x) = -x + 4. Let u(v) = v**2 + 6*v + 7. Let k be u(-6). Suppose k*q - 9 - 33 = 0. Determine f(q).
-2
Let c(s) = -2*s + 37. Let t be c(17). Suppose t*m = 4*a - 9, 2*a = 5*m + 3*a + 15. Let y(l) = l**3 + 3*l**2 + l. What is y(m)?
-3
Let k(a) = 6*a**2 + a - 35 + 3*a**3 - 30 + a - 2*a**3 + 58. What is k(-5)?
8
Let f(u) be the first derivative of -3/2*u**2 + 2*u + 6 + 2/3*u**3. Give f(3).
11
Let k(g) be the second derivative of g**4/12 + 3*g**3/2 + g**2/2 + 2*g + 142. Determine k(-9).
1
Let w = -30 + 36. Let o = 18 - 9. Let r = w - o. Let x(i) = -i - 1. Calculate x(r).
2
Let x be 60/12 + (-3)/(3 - 2). Suppose 4*s - 2*o - 6 = 0, -x*s - 3*o - 17 = -0*s. Let m(d) = 2 + 2*d - 1 + 0. Calculate m(s).
-1
Let o be 3 - -2*(5 + -4). Let a(d) = 3*d + 92 - 45 - o*d - 46. Give a(-2).
5
Suppose 52 = -n + 5*n. Suppose -5*v - 17 = n. Let r(a) = 7. Let y(p) = p - 21. Let u(c) = -7*r(c) - 2*y(c). What is u(v)?
5
Suppose 10 + 6 = -4*l, 20 = a - 4*l. Let o(j) = j**3 - 5*j**2 + 6*j - 11. Calculate o(a).
-3
Let y(j) = -j**3 + j**2 + j. Let g(o) = -6*o - 18*o**3 - 8*o + 24*o**3 - 12*o**2 + 4. Let h(i) = g(i) + 5*y(i). Give h(8).
-4
Suppose 11 + 3 = 2*b + 2*p, 11 = 5*b - p. Suppose b*s + 3*m = -3, 3*m + 4 = -4*s + 2. Let r(h) = -8*h**2 + 2*h - 1. Determine r(s).
-7
Let a(v) = -1 - 40*v - 32*v + 60*v. What is a(-1)?
11
Let n(m) = -46*m - 6. Let d(b) = -10*b - 1. Let u(o) = 14*d(o) - 3*n(o). Determine u(4).
-4
Let n(s) = s**3 - 8*s**2 - 9*s + 4. Let i be n(9). Suppose -8*d = -6*d - i. Let u(a) = -4*a**2 + a - 2. Give u(d).
-16
Let l(r) = r. Let w(o) = -o - 1. Let y(t) = 4*l(t) - w(t). Let c be 105/60 + 2/8. Determine y(c).
11
Let l(z) = 4*z**2 + 11*z - 6. Let m(w) = -5*w**2 - 12*w + 6. Let q(a) = 6*l(a) + 5*m(a). Let p = -294 - -300. Determine q(p).
-6
Suppose -24 = 4*q - 32. Let r(y) = -y**2 + 12*y + q - 3 - 11*y + 0. Determine r(2).
-3
Let q(x) = 3*x**2 + 2*x + 5. Suppose -2*s + 6 = 0, s + 21 = -3*h + 4*s. Calculate q(h).
45
Suppose 0 = -5*w, 3*x - 3*w + 4*w = -9. Let m(g) = -2*g**2 - 4*g - 1. Calculate m(x).
-7
Let n(x) = x**3 - 2*x**2 + 3*x - 2. Let a(f) = -46*f - 228. Let s be a(-5). Calculate n(s).
4
Suppose -3*j = 2*z + 21, 0*j - 4*z - 2 = -2*j. Let x(g) = 3*g + 7. Let t be x(j). Let w = -12 - t. Let i(p) = 2*p + 3. Give i(w).
-5
Let m be (4/5)/(28/(-5) - -6). Let z(q) = m - 6 + 1 - 2*q + 7. Calculate z(4).
-4
Let c(o) = -10*o**2 + 1 - 7 + 9*o**2 + 8*o. Calculate c(5).
9
Let y(l) = -l - 4. Let a(x) = 3*x + 11. Let i be (1 + -3)/((-3)/6). Let u(m) = i*a(m) + 11*y(m). Suppose -24*w + 53 + 19 = 0. What is u(w)?
3
Let n = -435 + 430. Let u(y) be the second derivative of y**5/60 + 5*y**4/24 - y**2/2 - y. Let m(h) be the first derivative of u(h). Give m(n).
0
Let q be 17 - 11 - (4 + -3). Let h(o) = -o**3 + 6*o**2 - 4*o - 5. Give h(q).
0
Let c be ((-40)/16)/(1/(2 - 0)). Let h(m) = -m**3 - 5*m**2 + m - 1. Give h(c).
-6
Suppose 3 = u + 6*o - 5*o, -11 = -u + 3*o. Let b(d) = 2*d + u*d**3 + d - 3*d**2 - 1 - 4*d**3. Give b(2).
1
Let r(d) = -d + 4. Suppose 702 - 252 = 5*i. Let f = i + -87. Give r(f).
1
Let t(s) be the first derivative of 0*s**3 - 7 + 0*s - s**2 - 1/4*s**4. Determine t(2).
-12
Let z be (-31)/(-341) + (-2 - 112/22). Let m(r) = -3*r + 8. Determine m(z).
29
Suppose 2*r + 13 = 5*r + 2*l, 30 = 2*r - 4*l. Let s(p) = -p**3 + 7*p**2 + 5*p. Let f be s(r). Let x be 21/f - (-2)/5. Let g(q) = 3*q**2 + q - 1. Determine g(x).
3
Let w = 744 + -742. Let o(q) = 4*q**2 - 11*q - 2. Determine o(w).
-8
Let j(z) be the t